33389
What are the prime factors of 44187737?
11, 4017067
List the prime factors of 3533013.
3, 11, 127, 281
List the prime factors of 2461604152.
2, 7, 43957217
List the prime factors of 173728907.
11, 1033, 15289
What are the prime factors of 265239065?
5, 7, 13, 479, 1217
What are the prime factors of 154157337?
3, 53, 149, 241
What are the prime factors of 29787493?
29787493
List the prime factors of 47717607.
3, 7, 19, 59, 2027
List the prime factors of 229687098.
2, 3, 4481, 8543
What are the prime factors of 74941905?
3, 5, 43, 116189
List the prime factors of 775048368.
2, 3, 2039, 7919
What are the prime factors of 141445664?
2, 283, 15619
What are the prime factors of 42922292?
2, 7, 19, 80681
What are the prime factors of 84728313?
3, 251, 37507
List the prime factors of 64444349.
64444349
List the prime factors of 214016108.
2, 3677, 14551
List the prime factors of 140520432.
2, 3, 13, 23, 9791
List the prime factors of 97283483.
11, 449, 19697
What are the prime factors of 55621639?
1289, 43151
List the prime factors of 116695318.
2, 61, 73, 13103
List the prime factors of 641357561.
13, 49335197
List the prime factors of 363177736.
2, 45397217
List the prime factors of 177306959.
7019, 25261
What are the prime factors of 723725758?
2, 7, 51694697
What are the prime factors of 34086786?
2, 3, 67, 84793
List the prime factors of 51962612.
2, 13, 23, 1889
What are the prime factors of 148620242?
2, 19, 3911059
List the prime factors of 56732643.
3, 11, 41, 1553
What are the prime factors of 17960800?
2, 5, 11, 13, 157
What are the prime factors of 84991768?
2, 10623971
List the prime factors of 331045478.
2, 101, 113, 14503
What are the prime factors of 41907243?
3, 7, 1995583
List the prime factors of 201240358.
2, 11, 353, 25913
What are the prime factors of 337936573?
13, 25995121
What are the prime factors of 537010160?
2, 5, 1861, 3607
What are the prime factors of 1638480667?
359, 4564013
List the prime factors of 505072367.
31, 43, 563, 673
What are the prime factors of 892482523?
1103, 809141
List the prime factors of 10397257.
13, 799789
What are the prime factors of 111348289?
13, 1451, 5903
What are the prime factors of 4951358829?
3, 550150981
What are the prime factors of 19344129?
3, 7, 921149
List the prime factors of 45828376.
2, 11, 421, 1237
List the prime factors of 732162921.
3, 7, 563, 61927
What are the prime factors of 350001508?
2, 17, 19, 270899
List the prime factors of 23925992.
2, 2990749
List the prime factors of 258373816.
2, 653, 49459
List the prime factors of 103828541.
103828541
What are the prime factors of 24596938?
2, 12298469
What are the prime factors of 51183560?
2, 5, 337, 3797
What are the prime factors of 364346824?
2, 5741, 7933
What are the prime factors of 4499018350?
2, 5, 137, 656791
List the prime factors of 312992398.
2, 37, 619, 6833
What are the prime factors of 5983259?
5983259
What are the prime factors of 1308054121?
11, 251, 473761
List the prime factors of 1194252637.
1194252637
List the prime factors of 2860160984.
2, 41, 212683
What are the prime factors of 1844132804?
2, 443, 503, 2069
What are the prime factors of 85963609?
8329, 10321
List the prime factors of 44831409.
3, 7, 41, 52069
List the prime factors of 100051727.
1163, 86029
List the prime factors of 1740771098.
2, 11, 157, 45817
What are the prime factors of 3188654626?
2, 1594327313
What are the prime factors of 820945181?
7, 17, 769, 8971
List the prime factors of 385959105.
3, 5, 7, 359, 3413
What are the prime factors of 50686200?
2, 3, 5, 29, 971
List the prime factors of 9203847862.
2, 11, 619, 675859
What are the prime factors of 2762744809?
11, 101, 433, 5743
List the prime factors of 23741401.
17, 29, 48157
List the prime factors of 688796591.
7, 6229, 15797
What are the prime factors of 2170732541?
2170732541
What are the prime factors of 267897501?
3, 37, 804497
What are the prime factors of 2131990097?
113, 18867169
What are the prime factors of 47459852?
2, 11, 17, 67, 947
What are the prime factors of 44474872?
2, 13, 499, 857
What are the prime factors of 130198224?
2, 3, 13, 137, 1523
What are the prime factors of 208383980?
2, 5, 7, 281, 5297
List the prime factors of 6112007044.
2, 11, 13, 10685327
What are the prime factors of 89288390?
2, 5, 29, 307891
List the prime factors of 5217342234.
2, 3, 13, 3673, 18211
What are the prime factors of 5373385307?
19, 43, 293, 22447
List the prime factors of 5096177851.
131, 709, 54869
List the prime factors of 576563743.
7, 67, 175621
What are the prime factors of 317760485?
5, 7, 389, 23339
List the prime factors of 12905139.
3, 13, 23, 14387
List the prime factors of 25639365.
3, 5, 23, 74317
List the prime factors of 42843610.
2, 5, 53, 229, 353
What are the prime factors of 125548948?
2, 7, 4483891
What are the prime factors of 108340799?
7, 131, 118147
List the prime factors of 65408017.
65408017
What are the prime factors of 164691123?
3, 54897041
What are the prime factors of 72998950?
2, 5, 19, 43, 1787
What are the prime factors of 167182430?
2, 5, 743, 22501
What are the prime factors of 91254517?
743, 122819
List the prime factors of 675601270.
2, 5, 491, 137597
What are the prime factors of 96294024?
2, 3, 443, 3019
List the prime factors of 300587977.
89, 3377393
List the prime factors of 800876687.
13, 233, 264403
List the prime factors of 1243356094.
2, 43, 14457629
What are the prime factors of 640510390?
2, 5, 13, 577, 8539
List the prime factors of 749118993.
3, 7, 23, 1550971
What are the prime factors of 174733010?
2, 5, 17473301
What are the prime factors of 1362125290?
2, 5, 499, 272971
What are the prime factors of 29684537?
29684537
List the prime factors of 1689473830.
2, 5, 11, 15358853
What are the prime factors of 832657020?
2, 3, 5, 13, 1067509
What are the prime factors of 987636701?
19, 51980879
List the prime factors of 25037325.
3, 5, 223, 499
What are the prime factors of 970113443?
13, 79, 944609
List the prime factors of 52826038.
2, 17, 1553707
What are the prime factors of 20116861?
31, 648931
List the prime factors of 365496193.
29, 12603317
List the prime factors of 34936138.
2, 17468069
What are the prime factors of 11301911?
2081, 5431
What are the prime factors of 4797683359?
7, 193, 3551209
What are the prime factors of 116311543?
661, 175963
What are the prime factors of 29282405?
5, 41, 142841
List the prime factors of 745525483.
1063, 701341
What are the prime factors of 64849571?
64849571
What are the prime factors of 18623322?
2, 3, 73, 14173
What are the prime factors of 116792933?
911, 128203
What are the prime factors of 68578375?
5, 523, 1049
List the prime factors of 5100908418.
2, 3, 809, 38921
What are the prime factors of 586411778?
2, 293205889
List the prime factors of 2874061.
149, 19289
What are the prime factors of 41123580?
2, 3, 5, 685393
List the prime factors of 906397894.
2, 89, 607, 8389
What are the prime factors of 237361000?
2, 5, 237361
List the prime factors of 1689119456.
2, 17, 19, 9613
What are the prime factors of 1589479244?
2, 31, 113, 113437
List the prime factors of 356531348.
2, 89132837
What are the prime factors of 146104524?
2, 3, 239, 16981
List the prime factors of 90112691.
31, 2906861
List the prime factors of 154387557.
3, 17, 59357
What are the prime factors of 6062861655?
3, 5, 29, 1301, 3571
What are the prime factors of 1075244974?
2, 227, 2368381
What are the prime factors of 570272400?
2, 3, 5, 5867
List the prime factors of 203327089.
7, 17, 157, 10883
What are the prime factors of 26138009?
26138009
What are the prime factors of 521741865?
3, 5, 103, 337697
List the prime factors of 110884112.
2, 6930257
What are the prime factors of 47366749?
97, 488317
List the prime factors of 2443230.
2, 3, 5, 9049
List the prime factors of 572259925.
5, 1489, 15373
What are the prime factors of 1124347734?
2, 3, 17, 3674339
List the prime factors of 1723426574.
2, 861713287
List the prime factors of 3158627826.
2, 3, 21601, 24371
List the prime factors of 83887955.
5, 1879, 8929
List the prime factors of 3108923855.
5, 5309, 117119
What are the prime factors of 3771128842?
2, 13, 59, 197, 12479
List the prime factors of 2901295556.
2, 3169, 228881
What are the pri